{"version":"1.0","provider_name":"V\u00e1rosi farm","provider_url":"https:\/\/varosifarm.cafeblog.hu","author_name":"Horsolya","author_url":"https:\/\/varosifarm.cafeblog.hu\/author\/horsolya\/","title":"Bemeleg\u00edt\u00e9s n\u00e9lk\u00fcl","html":"<p style=\"text-align: justify\"><a href=\"https:\/\/varosifarm.cafeblog.hu\/files\/2016\/02\/IMG_2935.jpg\"><img class=\"size-medium wp-image-7447014 alignleft\" src=\"https:\/\/varosifarm.cafeblog.hu\/files\/2016\/02\/IMG_2935-300x225.jpg\" alt=\"IMG_2935\" width=\"300\" height=\"225\" \/><\/a>A febru\u00e1ri kert\u00e9szked\u00e9st a lelkem m\u00e9ly\u00e9n egyfajta b\u00f3nusznak tekintem, aminek mindenf\u00e9le k\u00f6telezetts\u00e9g n\u00e9lk\u00fcl, felh\u0151tlen\u00fcl lehet \u00f6r\u00fclni, mert vagy bej\u00f6n vagy nem. \u00d6sszehasonl\u00edtva p\u00e9ld\u00e1nak ok\u00e1\u00e9rt a m\u00e1jusival, amikor ez ember l\u00e1ny\u00e1t m\u00e1r egyfajta bels\u0151 k\u00e9nyszer \u0171zi, hogy gyer\u00fcnk-gyer\u00fcnk \u00fcltess\u00fcnk, kap\u00e1ljunk, gazoljunk, \u00f6nt\u00f6zz\u00fcnk, \u00a0mert nyakunkon a kertszezon.<\/p>\r\n<p style=\"text-align: justify\">Sz\u00f3val a febru\u00e1ri n\u00e1lam rendszerint \u00fagy indul, hogy csak kin\u00e9zek egy kicsit h\u00e1tra...azt\u00e1n meg\u00e9rzem azt a bizonyos \"tavasz szagot\" \u00e9s azonnal kint ragadok.\u00a0<\/p>\r\n<p style=\"text-align: justify\">Most is ez t\u00f6rt\u00e9nt sz\u00f3r\u00f3l-sz\u00f3ra. El\u0151sz\u00f6r csak k\u00f6r\u00fcln\u00e9ztem egy kicsit a kertben, azt\u00e1n szedtem egy kis ty\u00fakh\u00fart a ty\u00fakoknak. Kap\u00e1val. Azt\u00e1n arra gondoltam, hogy na j\u00f3, annyival is el\u0151r\u00e9bb vagyok, ha kitakar\u00edtom az \u00fcvegh\u00e1zat, kihordom a r\u00e9gi f\u00f6ldet \u00e9s el\u0151k\u00e9sz\u00edtem polcokat meg az \u00fcltet\u0151 l\u00e1d\u00e1kat. \u00c9s m\u00e9g \u00f6sszekeverem a pal\u00e1ntaf\u00f6ldet a most hozott <a href=\"http:\/\/www.biokontroll.hu\/cms\/index.php?option=com_content&amp;view=article&amp;id=357%3Aalginittel-jobb-egeszsegesebb&amp;catid=402%3Atapanyag-utanpotlas&amp;Itemid=127&amp;lang=hu\" target=\"_blank\">alginit<\/a>tal. De akkor tal\u00e1n tehetn\u00e9k m\u00e1r hozz\u00e1 egy kis komposztot is. V\u00e9g\u00fcl is a tavalyi komposzt halmot t\u00e9li dzsekiben is \u00e1t lehet forgatni. Nem kell ahhoz felt\u00e9tlen\u00fcl 20 fok me<a href=\"https:\/\/varosifarm.cafeblog.hu\/files\/2016\/02\/IMG_2939.jpg\"><img class=\"size-medium wp-image-7447015 alignleft\" src=\"https:\/\/varosifarm.cafeblog.hu\/files\/2016\/02\/IMG_2939-225x300.jpg\" alt=\"IMG_2939\" width=\"225\" height=\"300\" \/><\/a>leg. Kardio vasvill\u00e1val: h\u00e1t-has-bicepsz.<\/p>\r\n<p style=\"text-align: justify\">\u00c1traktam az eg\u00e9szet. Hihetetlen, hogy ez a hegy egy \u00e9v alatt gy\u0171lt \u00f6ssze!<\/p>\r\n<p style=\"text-align: justify\">Alig v\u00e1rtam, hogy le\u00e9rjek az alj\u00e1ra. A kincs, a csod\u00e1s \u00e9rett komposzt az ott van, legislegalul. \u00a0Csin\u00e1ltam bel\u0151le egy sz\u00e9p, nagy halmot a pal\u00e1nt\u00e1knak, a marad\u00e9kot pedig\u00a0kihordtam\u00a0az \u00e1gy\u00e1sokra, a kertbe.<\/p>\r\n<p style=\"text-align: justify\">\u00a0<\/p>\r\n<p style=\"text-align: justify\">\u00a0<\/p>\r\n<p style=\"text-align: justify\">\u00a0A pal\u00e1nt\u00e1k nevel\u00e9se az \u00fcvegh\u00e1zamban, nem f\u0171thet\u0151 r\u00e9v\u00e9n, csak m\u00e1rcius m\u00e1sodik fel\u00e9ben kezd\u0151dik. Szeretem ezt az id\u0151z\u00edt\u00e9st, a csal\u00e1d \u00f6sszes tagja m\u00e1r pont megunja a korai sal\u00e1t\u00e1kat, spen\u00f3tot, bors\u00f3t, \u00e9n meg a szed\u00e9st, mire ki lehe<img class=\"size-medium wp-image-7447013 alignleft\" src=\"https:\/\/varosifarm.cafeblog.hu\/files\/2016\/02\/uveghaz-161x300.jpg\" alt=\"uveghaz\" width=\"161\" height=\"300\" \/>t \u00fcltetni a hely\u00fckre az \u00faj z\u00f6ld n\u00f6v\u00e9nyeket m\u00e1jus k\u00f6zep\u00e9n. Ha m\u00e9gis lecsapn\u00e1nak a fagyosok, akkor m\u00e9g marad is egy adag pal\u00e1nta a k\u00f6vetkez\u0151, m\u00e1sodik k\u00f6rre.<\/p>\r\n<p style=\"text-align: justify\">Biztos, hogy \u00f6sszess\u00e9g\u00e9ben nem j\u00f3, hogy ilyen r\u00f6videk lettek a telek, de \u00edgy nem kell f\u00e9ln\u00fcnk egy korai kert-k\u00eds\u00e9rlett\u0151l. Ha lesz m\u00e9g\u00a0tart\u00f3s \u00a0m\u00e1rciusi fagy, akkor sajnos kifagy, de ha nem, akkor z\u00f6ldellni fog a kor\u00e1n vetett sal\u00e1ta, rukkola, spen\u00f3t \u00e9s bors\u00f3.<\/p>\r\n<p style=\"text-align: justify\">\u00cdgy azt\u00e1n ez lett a h\u00e9tv\u00e9ge eredm\u00e9nye: k\u00e9zzel \u00e9s kap\u00e1val frissen elmorzsolt tavasz-szag\u00fa \u00e1gy\u00e1sok, elvetve t\u00f6bb sor lev\u00e9lsal\u00e1ta, korai bors\u00f3 \u00e9s spen\u00f3t.\u00a0<\/p>\r\n<p style=\"text-align: justify\">No meg a sok friss z\u00f6ldt\u0151l \u00e9s cserebog\u00e1r pajort\u00f3l mosolyg\u00f3 ty\u00fakok.<\/p>\r\n<p style=\"text-align: justify\"><img class=\"size-medium wp-image-7447012 alignright\" src=\"https:\/\/varosifarm.cafeblog.hu\/files\/2016\/02\/IMG_2942-300x225.jpg\" alt=\"IMG_2942\" width=\"300\" height=\"225\" \/><\/p>\r\n<p style=\"text-align: justify\">\u00a0<\/p>\r\n<p style=\"text-align: justify\">\u00a0<\/p>\r\n<p style=\"text-align: justify\">Sz\u00f3lhatna m\u00e1r v\u00e9gre nekik is valaki, hogy itt a TAVASZ! (Ak\u00e1r lehetne \u00fajra tojni is!)<\/p>\r\n<p style=\"text-align: justify\">\u00a0<\/p>\r\n<p>&nbsp;<\/p>\r\n<p>&nbsp;<\/p>","type":"rich"}

Városi farm

Bemelegítés nélkül

<p style="text-align: justify"><a href="https://varosifarm.cafeblog.hu/files/2016/02/IMG_2935.jpg"><img class="size-medium wp-image-7447014 alignleft" src="https://varosifarm.cafeblog.hu/files/2016/02/IMG_2935-300x225.jpg" alt="IMG_2935" width="300" height="225" /></a>A februári kertészkedést a lelkem mélyén egyfajta bónusznak tekintem, aminek mindenféle kötelezettség nélkül, felhőtlenül lehet örülni, mert vagy bejön vagy nem. Összehasonlítva példának okáért a májusival, amikor ez ember lányát már egyfajta belső kényszer űzi, hogy gyerünk-gyerünk ültessünk, kapáljunk, gazoljunk, öntözzünk,  mert nyakunkon a kertszezon.</p>
<p style="text-align: justify">Szóval a februári nálam rendszerint úgy indul, hogy csak kinézek egy kicsit hátra...aztán megérzem azt a bizonyos "tavasz szagot" és azonnal kint ragadok. </p>
<p style="text-align: justify">Most is ez történt szóról-szóra. Először csak körülnéztem egy kicsit a kertben, aztán szedtem egy kis tyúkhúrt a tyúkoknak. Kapával. Aztán arra gondoltam, hogy na jó, annyival is előrébb vagyok, ha kitakarítom az üvegházat, kihordom a régi földet és előkészítem polcokat meg az ültető ládákat. És még összekeverem a palántaföldet a most hozott <a href="http://www.biokontroll.hu/cms/index.php?option=com_content&amp;view=article&amp;id=357%3Aalginittel-jobb-egeszsegesebb&amp;catid=402%3Atapanyag-utanpotlas&amp;Itemid=127&amp;lang=hu" target="_blank">alginit</a>tal. De akkor talán tehetnék már hozzá egy kis komposztot is. Végül is a tavalyi komposzt halmot téli dzsekiben is át lehet forgatni. Nem kell ahhoz feltétlenül 20 fok me<a href="https://varosifarm.cafeblog.hu/files/2016/02/IMG_2939.jpg"><img class="size-medium wp-image-7447015 alignleft" src="https://varosifarm.cafeblog.hu/files/2016/02/IMG_2939-225x300.jpg" alt="IMG_2939" width="225" height="300" /></a>leg. Kardio vasvillával: hát-has-bicepsz.</p>
<p style="text-align: justify">Átraktam az egészet. Hihetetlen, hogy ez a hegy egy év alatt gyűlt össze!</p>
<p style="text-align: justify">Alig vártam, hogy leérjek az aljára. A kincs, a csodás érett komposzt az ott van, legislegalul.  Csináltam belőle egy szép, nagy halmot a palántáknak, a maradékot pedig kihordtam az ágyásokra, a kertbe.</p>
<p style="text-align: justify"> </p>
<p style="text-align: justify"> </p>
<p style="text-align: justify"> A palánták nevelése az üvegházamban, nem fűthető révén, csak március második felében kezdődik. Szeretem ezt az időzítést, a család összes tagja már pont megunja a korai salátákat, spenótot, borsót, én meg a szedést, mire ki lehe<img class="size-medium wp-image-7447013 alignleft" src="https://varosifarm.cafeblog.hu/files/2016/02/uveghaz-161x300.jpg" alt="uveghaz" width="161" height="300" />t ültetni a helyükre az új zöld növényeket május közepén. Ha mégis lecsapnának a fagyosok, akkor még marad is egy adag palánta a következő, második körre.</p>
<p style="text-align: justify">Biztos, hogy összességében nem jó, hogy ilyen rövidek lettek a telek, de így nem kell félnünk egy korai kert-kísérlettől. Ha lesz még tartós  márciusi fagy, akkor sajnos kifagy, de ha nem, akkor zöldellni fog a korán vetett saláta, rukkola, spenót és borsó.</p>
<p style="text-align: justify">Így aztán ez lett a hétvége eredménye: kézzel és kapával frissen elmorzsolt tavasz-szagú ágyások, elvetve több sor levélsaláta, korai borsó és spenót. </p>
<p style="text-align: justify">No meg a sok friss zöldtől és cserebogár pajortól mosolygó tyúkok.</p>
<p style="text-align: justify"><img class="size-medium wp-image-7447012 alignright" src="https://varosifarm.cafeblog.hu/files/2016/02/IMG_2942-300x225.jpg" alt="IMG_2942" width="300" height="225" /></p>
<p style="text-align: justify"> </p>
<p style="text-align: justify"> </p>
<p style="text-align: justify">Szólhatna már végre nekik is valaki, hogy itt a TAVASZ! (Akár lehetne újra tojni is!)</p>
<p style="text-align: justify"> </p>
<p>&nbsp;</p>
<p>&nbsp;</p>
