{"version":"1.0","provider_name":"V\u00e1rosi farm","provider_url":"https:\/\/varosifarm.cafeblog.hu","author_name":"Horsolya","author_url":"https:\/\/varosifarm.cafeblog.hu\/author\/horsolya\/","title":"\u00c9ljeeeen a gy\u0171jt\u00f6get\u00e9s!!!!","html":"<p style=\"text-align: justify\">Ha visszagondolok a tavalyi ny\u00e1rra, akkor az k\u00e9ts\u00e9gtelen\u00fcl a savany\u00edt\u00e1s, a bef\u0151z\u00e9s \u00a0\u00e9s a zsel\u00e9s\u00edt\u00e9s \u00e9ve volt, ez az idei viszont a gy\u0171jt\u00f6get\u00e9s\u00e9!<\/p>\r\n<p style=\"text-align: justify\">Az eg\u00e9sz olyan mint egy r\u00e1csod\u00e1lkoz\u00e1sos folyamat a vil\u00e1gra, el\u0151sz\u00f6r arra \u00e9bred r\u00e1 az ember l\u00e1nya, hogy a kert j\u00f3t\u00e9tem\u00e9nyeivel valamit kezdeni kell. Azonnal \u00e9s akkor, amikor be\u00fct a z\u00f6lds\u00e9g vagy gy\u00fcm\u00f6lcs d\u00f6mping. P\u00e9ld\u00e1nak ok\u00e1\u00e9rt az addig b\u00e9k\u00e9sen n\u00f6v\u00f6get\u0151 t\u00f6k \u00e9s cukkini el\u0151sz\u00f6r m\u00e9g csak teremni kezd, majd hirtelen megvadul \u00e9s ontja a mindenf\u00e9le sz\u00edn\u0171 \u00e9s nagys\u00e1g\u00fa j\u00f3t\u00e9tem\u00e9nyeket<\/p>\r\n<p style=\"text-align: justify\"><img class=\"imgnotext alignleft\" src=\"https:\/\/varosifarm.cafeblog.hu\/files\/2014\/06\/cukkini_jo.jpg\" alt=\"cukkini_jo.jpg\" width=\"414\" height=\"307\" \/>\u00a0(min\u00e9l tov\u00e1bb v\u00e1runk vele, ann\u00e1l nagyobbakat). A csal\u00e1d \u00a0persze kezdetben \u00f6r\u00fcl a t\u00f6lt\u00f6tt t\u00f6knek, a r\u00e1ntott \u00a0cukkininek, a nagymam\u00e1n\u00e1l \u00e9s nem a napk\u00f6ziben \u00a0szocializ\u00e1ltak m\u00e9g a t\u00f6k f\u0151zel\u00e9knek is, de az\u00e9rt az egy \u00a0hetes intenz\u00edv t\u00f6k-gasztrok\u00fara ut\u00e1n m\u00e9g a legb\u00e9k\u00e9sebbek \u00a0is morogni kezdenek. Ideje teh\u00e1t elaj\u00e1nd\u00e9kozni:) reszelni \u00a0\u00e9s fagyasztani a term\u00e9st. H\u0171, az uborka is terem,! N\u00e9h\u00e1ny \u00a0napig versenyben lehet maradni persze az uborkaev\u00e9ssel, \u00a0arcpakol\u00e1s k\u00e9sz\u00edt\u00e9ssel, de azt\u00e1n nincs mese: savany\u00edtani \u00a0kell. \u00c9s ekkorra m\u00e1r t\u00fal vagyunk az eper dzsem \u00a0bef\u0151z\u00e9sen, a meggy eltev\u00e9sen \u00e9s a levendula zsel\u00e9 \u00e9s sz\u00f6rp \u00a0k\u00e9sz\u00edt\u00e9sen, \u00e9s azt\u00e1n m\u00e1r nyakunkon is van a paradicsom \u00a0\u00e9s a s\u00e1rgabarack szezon....<\/p>\r\n<p style=\"text-align: justify\">\u00a0A tavalyi \u00e9vhez hasonl\u00f3an folyat\u00f3dott ez az id\u00e9n is: kezd\u0151d\u00f6tt m\u00e1rciusban a spen\u00f3t term\u00e9s betakar\u00edt\u00e1ssal, majd a z\u00f6ld bors\u00f3 \u00e9r\u00e9ssel.....a csal\u00e1dot id\u00e9zve:\u00a0<em>\"J\u00e9\u00e9\u00e9 van bors\u00f3nk is? t\u00f6k j\u00f3 ez a leves:)\"<\/em>\u00a0h\u00e1rom nap m\u00falva:\u00a0<em>\"M\u00e1r megint bors\u00f3f\u0151zel\u00e9k? Nincs is itthon valami rendes kaja?\"\u00a0<\/em><\/p>\r\n<p style=\"text-align: justify\">Volt eper \u00e9s meggy is persze..., de \u00e1lljunk csak meg itt egy kicsit! R\u00e1ad\u00e1snak az id\u00e9n m\u00e9g begy\u0171r\u0171z\u00f6tt az \u00e9letembe a gy\u0171jt\u00f6get\u00e9s is!!!! Volt persze el\u0151zm\u00e9nye ennek is, a\u00a0<a href=\"http:\/\/varosifarm.blog.hu\" target=\"_blank\">t\u00e9l v\u00e9gi-tavasz eleji medvehagyma szed\u00e9s\u00a0<\/a>\u00e9s csal\u00e1n gy\u0171jt\u00f6get\u00e9s (ez ut\u00f3bbi kiz\u00e1r\u00f3lag kert\u00e9szeti felhaszn\u00e1l\u00e1sra:), nem besz\u00e9lve a bodzavir\u00e1gr\u00f3l, aminek nagy rajong\u00f3ja vagyok \u00e9s m\u00e9g mindig nem adtam fel a t\u00f6k\u00e9letes bodza sz\u00f6rp titk\u00e1nak felfedez\u00e9s\u00e9\u00e9rt folytatott k\u00fczdelmemet.<\/p>\r\n<p style=\"text-align: justify\">De mindezek mellett r\u00e1j\u00f6ttem, hogy a f\u0171szer \u00e9s gy\u00f3gyn\u00f6v\u00e9nyeket igenis \u00e9rdemes figyelni \u00e9s begy\u0171jteni, akkor amikor ezeknek elj\u00f6n az ideje.\u00a0<\/p>\r\n<p style=\"text-align: justify\"><img class=\"imgnotext alignleft\" src=\"https:\/\/varosifarm.cafeblog.hu\/files\/2014\/06\/IMG_3919.jpg\" alt=\"IMG_3919.jpg\" width=\"350\" height=\"262\" \/>\u00a0Mindj\u00e1rt a saj\u00e1t kertemben szerencs\u00e9re \u00a0imm\u00e1ron el\u00e9gg\u00e9 \u00a0terjedelmesnek mondhat\u00f3 zs\u00e1lya, citromf\u0171 \u00e9s menta \u00fcltetv\u00e9ny van \u00a0kibontakoz\u00f3ban, adott teh\u00e1t a lehet\u0151s\u00e9g, hogy a friss hajt\u00e1sokat \u00a0begy\u0171jtse az ember. R\u00e1ad\u00e1sul ezeket nem is bonyolult feldolgozni, \u00a0hiszen csak sz\u00e1raz, leveg\u0151s, s\u00f6t\u00e9t helyet kell tal\u00e1lni \u00e9s alaposan \u00a0meg \u00a0kell sz\u00e1r\u00edtani \u0151ket. A rendszeres ny\u00edr\u00e1s \u00e9s begy\u0171jt\u00e9s \u00a0eredm\u00e9nye pedig, \u00a0hogy a n\u00f6v\u00e9nyeink \u00fajra \u00e9s \u00fajra friss hajt\u00e1sokat \u00a0hoznak, \u00edgy ez a dolog a \u00a0legmelegebb id\u0151szakokat lesz\u00e1m\u00edtva \u00a0szinte eg\u00e9sz ny\u00e1ron bonyol\u00edthat\u00f3. \u00a0Az eredm\u00e9ny pedig: \u00a0fantasztikusan illatoz\u00f3 sz\u00e1r\u00edt\u00f3 szoba (n\u00e1lunk ez a \u00a0dolgoz\u00f3 lett:)) \u00a0a \u00a0fantasztikuss\u00e1g\u00e1r\u00f3l pedig megoszlanak a v\u00e9lem\u00e9nyek:((( \u00e9s ut\u00e1na pap\u00edr zacsk\u00f3kba vagy dobozokba elrakt\u00e1rozott komoly mennyis\u00e9g\u0171 gy\u00f3gytea k\u00e9szlet.\u00a0<\/p>\r\n<p style=\"text-align: justify\">Ha a kerti lehet\u0151s\u00e9gek kimer\u00fclni l\u00e1tszanak, \u00e9rdemes k\u00f6r\u00fcln\u00e9zni fut\u00e1s \u00e9s kutyas\u00e9t\u00e1ltat\u00e1s k\u00f6zben a k\u00f6rnyezet\u00fcnkben is: elhagyott, \u00fcres telkeken, r\u00e9teken, a k\u00f6rnyez\u0151 erd\u0151kben. Ki gondoln\u00e1, hogy a galagonya gy\u00f3gyn\u00f6v\u00e9ny \u00e9s r\u00e1ad\u00e1sul minden\u00fctt n\u0151, nem is kell messze menni \u00e9rte! Tavasszal amikor vir\u00e1gzik, \u00e9rdemes a vir\u00e1gos hajt\u00e1sv\u00e9gekb\u0151l begy\u0171jteni egy adaggal, persze nem tarv\u00e1g\u00e1ssal lecsupasztva a n\u00f6v\u00e9nyt.\u00a0<a href=\"http:\/\/gyorgytea.hu\/gyorgyteak\/egyedi-teak\/galagonya-viragos-hajtasveg\" target=\"_blank\">Gyuri b\u00e1csi, a b\u00fckki f\u00fcvesember szerint p\u00e1link\u00e1val ak\u00e1r sz\u00edvbar\u00e1t tinkt\u00fara is k\u00e9sz\u00edthet\u0151 bel\u0151le:))<\/a><\/p>\r\n<p style=\"text-align: justify\">\u00dajabb csod\u00e1s n\u00f6v\u00e9ny a\u00a0<a href=\"http:\/\/gyorgytea.hu\/gyorgyteak\/egyedi-teak\/cickafarkfu\" target=\"_blank\">cickafark<\/a>, szint\u00e9n minden\u00fctt felbukkan, igaz\u00e1n nem jelent neh\u00e9zs\u00e9get a vir\u00e1gait begy\u0171jteni. A cickafarkat \u00e9s az orb\u00e1ncf\u00fcvet \u00e9ppen m\u00falt vas\u00e1rnap egy k\u00f6zeli mez\u0151n, kora reggel gy\u0171jt\u00f6ttem, megadva a m\u00f3dj\u00e1t: eleg\u00e1nsan fut\u00f3 ruh\u00e1ban, kos\u00e1rral \u00e9s metsz\u0151 oll\u00f3val a kezemben. L\u00e1tva a r\u00e9t mellett kora reggel elhalad\u00f3 aut\u00f3sok arc\u00e1t, n\u00e9h\u00e1nyukban val\u00f3sz\u00edn\u0171leg felmer\u00fclt, hogy ha ama bizonyos s\u00f6t\u00e9t k\u00f6z\u00e9pkorban lenn\u00e9nk, lehetne mobilon ak\u00e1r \u00a0egy j\u00f3 kis \u00e9get\u00e9st is rendelni a megfelel\u0151, erre szakosodott szervekt\u0151l:)<\/p>\r\n<p style=\"text-align: justify\">Az\u00a0<a href=\"http:\/\/gyorgytea.hu\/gyorgyteak\/tinkturak\/orbancfu-olaj\" target=\"_blank\">orb\u00e1ncf\u0171\u00a0<\/a>vir\u00e1g\u00a0az\u00f3ta olajban \u00e1zik \u00e9s k\u00e9t h\u00e9t eltelt\u00e9vel \"\u00f6r\u00f6kfiatals\u00e1g\" arckr\u00e9met sz\u00e1nd\u00e9kozok k\u00e9sz\u00edteni bel\u0151le a magam \u00e9s legk\u00f6zelebbi bar\u00e1taim (aj\u00e1nd\u00e9kl\u00f3nak...) legnagyobb boldogs\u00e1g\u00e1ra.<\/p>\r\n<p style=\"text-align: justify\">B\u00e1r lassan levir\u00e1gzik, de tal\u00e1n el tudunk m\u00e9g kapni egy-egy h\u00e1rsf\u00e1t, amelyiknek a vir\u00e1g\u00e1t begy\u0171jthetj\u00fck. A\u00a0<a href=\"http:\/\/www.gyogynovenyek.net\/gyogyteak\/harsfatea.php\" target=\"_blank\">h\u00e1rsfavir\u00e1g<\/a>\u00a0dupla, s\u0151t tripla \u00e9lvezet. Am\u00edg szedj\u00fck r\u00e1d\u00f6bben\u00fcnk, hogy arom\u00e1sabb, illatosabb a vir\u00e1ga az ak\u00e1c\u00e9n\u00e1l (hogy-hogy nem szedtem ezt m\u00e1r eddig is???), cukorszirupban \u00e1ztatva csod\u00e1s sz\u00f6rp\u00f6t, sz\u00e1r\u00edtva pedig gyerekbar\u00e1t (v\u00e9gre egy j\u00f3 \u00edz\u0171!) torokgy\u00f3gy\u00edt\u00f3 teh\u00e1t k\u00e9sz\u00edthet\u00fcnk majd bel\u0151le a rem\u00e9nytelen t\u00e9li napokon.<\/p>\r\n<p style=\"text-align: justify\">Sz\u00f3val a gy\u0171jt\u00f6get\u00e9s a vad\u00e1szat szel\u00edd\u00edtett v\u00e1ltozata, izgalmas, \u00e9rdekes \u00e9s k\u00e9zzelfoghat\u00f3 az eredm\u00e9nye. V\u00e9gezet\u00fcl n\u00e9h\u00e1ny j\u00f3 tan\u00e1cs, amit fontos betartani annak \u00e9rdek\u00e9ben, hogy a gy\u0171jt\u00f6get\u0151 m\u00e1nia mindenkinek, embernek \u00e9s n\u00f6v\u00e9nynek is hasznos szenved\u00e9ly lehessen:<\/p>\r\n<ul style=\"text-align: justify\">\r\n<li>A n\u00f6v\u00e9nyi r\u00e9szek gy\u0171jt\u00e9se sosem csupaszt\u00e1st jelent! Egy-egy n\u00f6v\u00e9nyr\u0151l k\u00edm\u00e9letesen, csak annyit szabad gy\u0171jteni, hogy az ne k\u00e1ros\u00edtsa, ne vesz\u00e9lyeztesse a n\u00f6v\u00e9nyt!<\/li>\r\n<li>Ne akarjunk k\u00e9nyelemszeretetb\u0151l hazavinni a teljes n\u00f6v\u00e9nyt! A legt\u00f6bb azon az \u00e9l\u0151helyen \u00e9rzi j\u00f3l mag\u00e1t, ahol megtal\u00e1ltuk! Lehet, hogy az \u00e1t\u00fcltet\u00e9st pedig nem fogja t\u00fal\u00e9lni. J\u00e1rjunk nyitott szemmel, jegyezz\u00fck meg ink\u00e1bb az \u00e9l\u0151hely\u00e9t \u00e9s minden \u00e9vben keress\u00fck fel.<\/li>\r\n<li>A gy\u00f3gyhat\u00e1s\u00fa n\u00f6v\u00e9nyeket a kora reggeli \u00f3r\u00e1kban a legjobb gy\u0171jteni, mert ilyenkor koncentr\u00e1ltabb a hat\u00f3anyag tartalmuk. Keress\u00fcnk lehet\u0151leg nem szennyezett ter\u00fcletet (ne aut\u00f3utak k\u00f6zel\u00e9ben!) \u00e9s ott gy\u0171jts\u00fck be \u0151ket!<\/li>\r\n<li>N\u00e9h\u00e1ny maroknyi gy\u00f3gyn\u00f6v\u00e9ny\u00e9rt val\u00f3sz\u00edn\u0171leg senki sem fog rend\u0151rt h\u00edvni, de ha szab\u00e1lyosan akarunk gy\u0171jteni, akkor enged\u00e9lyt kell k\u00e9rni a ter\u00fclet tulajdonos\u00e1t\u00f3l.\u00a0<\/li>\r\n<li>Sosem szabad v\u00e9dett n\u00f6v\u00e9nyeket vagy term\u00e9szetv\u00e9delmi ter\u00fcleten gy\u0171jteni!!!!!<\/li>\r\n<\/ul>\r\n<p style=\"text-align: justify\">\u00a0<\/p>\r\n<p style=\"text-align: justify\">Sz\u00f3val hajr\u00e1, metsz\u0151oll\u00f3kat, n\u00f6v\u00e9nyhat\u00e1roz\u00f3kat \u00a0a ridik\u00fclbe vagy a keszty\u0171tart\u00f3ba \u00e9s \u00e9ljen a gy\u0171jt\u00f6get\u00e9s! remek sz\u00f3rakoz\u00e1s lesz, meg\u00edg\u00e9rem:)<\/p>\r\n<p style=\"text-align: justify\"><img class=\"imgnotext\" src=\"https:\/\/varosifarm.cafeblog.hu\/files\/2014\/06\/levendula2_kicsi.jpg\" alt=\"levendula2_kicsi.jpg\" width=\"384\" height=\"288\" \/><\/p>\r\n<p>&nbsp;<\/p>\r\n<p><strong>Gy\u0171jt\u00f6get\u00e9si napt\u00e1r, j\u00faniusban gy\u0171jthet\u0151 n\u00f6v\u00e9nyek:<\/strong><\/p>\r\n<p>orb\u00e1ncf\u0171 vir\u00e1g, cickafark vir\u00e1g, sz\u00f6sz\u00f6s \u00f6k\u00f6rfarkk\u00f3r\u00f3 vir\u00e1ga, kis-\u00e9s nagylevel\u0171 h\u00e1rs vir\u00e1ga, levendula<\/p>\r\n<p>Szinte eg\u00e9sz ny\u00e1ron folyamatosan: orvosi zs\u00e1lya hajt\u00e1s, citromf\u0171, menta (fodor \u00e9s bors) hajt\u00e1sa<\/p>","type":"rich"}

Városi farm

Éljeeeen a gyűjtögetés!!!!

<p style="text-align: justify">Ha visszagondolok a tavalyi nyárra, akkor az kétségtelenül a savanyítás, a befőzés  és a zselésítés éve volt, ez az idei viszont a gyűjtögetésé!</p>
<p style="text-align: justify">Az egész olyan mint egy rácsodálkozásos folyamat a világra, először arra ébred rá az ember lánya, hogy a kert jótéteményeivel valamit kezdeni kell. Azonnal és akkor, amikor beüt a zöldség vagy gyümölcs dömping. Példának okáért az addig békésen növögető tök és cukkini először még csak teremni kezd, majd hirtelen megvadul és ontja a mindenféle színű és nagyságú jótéteményeket</p>
<p style="text-align: justify"><img class="imgnotext alignleft" src="https://varosifarm.cafeblog.hu/files/2014/06/cukkini_jo.jpg" alt="cukkini_jo.jpg" width="414" height="307" /> (minél tovább várunk vele, annál nagyobbakat). A család  persze kezdetben örül a töltött töknek, a rántott  cukkininek, a nagymamánál és nem a napköziben  szocializáltak még a tök főzeléknek is, de azért az egy  hetes intenzív tök-gasztrokúra után még a legbékésebbek  is morogni kezdenek. Ideje tehát elajándékozni:) reszelni  és fagyasztani a termést. Hű, az uborka is terem,! Néhány  napig versenyben lehet maradni persze az uborkaevéssel,  arcpakolás készítéssel, de aztán nincs mese: savanyítani  kell. És ekkorra már túl vagyunk az eper dzsem  befőzésen, a meggy eltevésen és a levendula zselé és szörp  készítésen, és aztán már nyakunkon is van a paradicsom  és a sárgabarack szezon....</p>
<p style="text-align: justify"> A tavalyi évhez hasonlóan folyatódott ez az idén is: kezdődött márciusban a spenót termés betakarítással, majd a zöld borsó éréssel.....a családot idézve: <em>"Jééé van borsónk is? tök jó ez a leves:)"</em> három nap múlva: <em>"Már megint borsófőzelék? Nincs is itthon valami rendes kaja?" </em></p>
<p style="text-align: justify">Volt eper és meggy is persze..., de álljunk csak meg itt egy kicsit! Ráadásnak az idén még begyűrűzött az életembe a gyűjtögetés is!!!! Volt persze előzménye ennek is, a <a href="http://varosifarm.blog.hu" target="_blank">tél végi-tavasz eleji medvehagyma szedés </a>és csalán gyűjtögetés (ez utóbbi kizárólag kertészeti felhasználásra:), nem beszélve a bodzavirágról, aminek nagy rajongója vagyok és még mindig nem adtam fel a tökéletes bodza szörp titkának felfedezéséért folytatott küzdelmemet.</p>
<p style="text-align: justify">De mindezek mellett rájöttem, hogy a fűszer és gyógynövényeket igenis érdemes figyelni és begyűjteni, akkor amikor ezeknek eljön az ideje. </p>
<p style="text-align: justify"><img class="imgnotext alignleft" src="https://varosifarm.cafeblog.hu/files/2014/06/IMG_3919.jpg" alt="IMG_3919.jpg" width="350" height="262" /> Mindjárt a saját kertemben szerencsére  immáron eléggé  terjedelmesnek mondható zsálya, citromfű és menta ültetvény van  kibontakozóban, adott tehát a lehetőség, hogy a friss hajtásokat  begyűjtse az ember. Ráadásul ezeket nem is bonyolult feldolgozni,  hiszen csak száraz, levegős, sötét helyet kell találni és alaposan  meg  kell szárítani őket. A rendszeres nyírás és begyűjtés  eredménye pedig,  hogy a növényeink újra és újra friss hajtásokat  hoznak, így ez a dolog a  legmelegebb időszakokat leszámítva  szinte egész nyáron bonyolítható.  Az eredmény pedig:  fantasztikusan illatozó szárító szoba (nálunk ez a  dolgozó lett:))  a  fantasztikusságáról pedig megoszlanak a vélemények:((( és utána papír zacskókba vagy dobozokba elraktározott komoly mennyiségű gyógytea készlet. </p>
<p style="text-align: justify">Ha a kerti lehetőségek kimerülni látszanak, érdemes körülnézni futás és kutyasétáltatás közben a környezetünkben is: elhagyott, üres telkeken, réteken, a környező erdőkben. Ki gondolná, hogy a galagonya gyógynövény és ráadásul mindenütt nő, nem is kell messze menni érte! Tavasszal amikor virágzik, érdemes a virágos hajtásvégekből begyűjteni egy adaggal, persze nem tarvágással lecsupasztva a növényt. <a href="http://gyorgytea.hu/gyorgyteak/egyedi-teak/galagonya-viragos-hajtasveg" target="_blank">Gyuri bácsi, a bükki füvesember szerint pálinkával akár szívbarát tinktúra is készíthető belőle:))</a></p>
<p style="text-align: justify">Újabb csodás növény a <a href="http://gyorgytea.hu/gyorgyteak/egyedi-teak/cickafarkfu" target="_blank">cickafark</a>, szintén mindenütt felbukkan, igazán nem jelent nehézséget a virágait begyűjteni. A cickafarkat és az orbáncfüvet éppen múlt vasárnap egy közeli mezőn, kora reggel gyűjtöttem, megadva a módját: elegánsan futó ruhában, kosárral és metsző ollóval a kezemben. Látva a rét mellett kora reggel elhaladó autósok arcát, néhányukban valószínűleg felmerült, hogy ha ama bizonyos sötét középkorban lennénk, lehetne mobilon akár  egy jó kis égetést is rendelni a megfelelő, erre szakosodott szervektől:)</p>
<p style="text-align: justify">Az <a href="http://gyorgytea.hu/gyorgyteak/tinkturak/orbancfu-olaj" target="_blank">orbáncfű </a>virág azóta olajban ázik és két hét elteltével "örökfiatalság" arckrémet szándékozok készíteni belőle a magam és legközelebbi barátaim (ajándéklónak...) legnagyobb boldogságára.</p>
<p style="text-align: justify">Bár lassan levirágzik, de talán el tudunk még kapni egy-egy hársfát, amelyiknek a virágát begyűjthetjük. A <a href="http://www.gyogynovenyek.net/gyogyteak/harsfatea.php" target="_blank">hársfavirág</a> dupla, sőt tripla élvezet. Amíg szedjük rádöbbenünk, hogy aromásabb, illatosabb a virága az akácénál (hogy-hogy nem szedtem ezt már eddig is???), cukorszirupban áztatva csodás szörpöt, szárítva pedig gyerekbarát (végre egy jó ízű!) torokgyógyító tehát készíthetünk majd belőle a reménytelen téli napokon.</p>
<p style="text-align: justify">Szóval a gyűjtögetés a vadászat szelídített változata, izgalmas, érdekes és kézzelfogható az eredménye. Végezetül néhány jó tanács, amit fontos betartani annak érdekében, hogy a gyűjtögető mánia mindenkinek, embernek és növénynek is hasznos szenvedély lehessen:</p>
<ul style="text-align: justify">
<li>A növényi részek gyűjtése sosem csupasztást jelent! Egy-egy növényről kíméletesen, csak annyit szabad gyűjteni, hogy az ne károsítsa, ne veszélyeztesse a növényt!</li>
<li>Ne akarjunk kényelemszeretetből hazavinni a teljes növényt! A legtöbb azon az élőhelyen érzi jól magát, ahol megtaláltuk! Lehet, hogy az átültetést pedig nem fogja túlélni. Járjunk nyitott szemmel, jegyezzük meg inkább az élőhelyét és minden évben keressük fel.</li>
<li>A gyógyhatású növényeket a kora reggeli órákban a legjobb gyűjteni, mert ilyenkor koncentráltabb a hatóanyag tartalmuk. Keressünk lehetőleg nem szennyezett területet (ne autóutak közelében!) és ott gyűjtsük be őket!</li>
<li>Néhány maroknyi gyógynövényért valószínűleg senki sem fog rendőrt hívni, de ha szabályosan akarunk gyűjteni, akkor engedélyt kell kérni a terület tulajdonosától. </li>
<li>Sosem szabad védett növényeket vagy természetvédelmi területen gyűjteni!!!!!</li>
</ul>
<p style="text-align: justify"> </p>
<p style="text-align: justify">Szóval hajrá, metszőollókat, növényhatározókat  a ridikülbe vagy a kesztyűtartóba és éljen a gyűjtögetés! remek szórakozás lesz, megígérem:)</p>
<p style="text-align: justify"><img class="imgnotext" src="https://varosifarm.cafeblog.hu/files/2014/06/levendula2_kicsi.jpg" alt="levendula2_kicsi.jpg" width="384" height="288" /></p>
<p>&nbsp;</p>
<p><strong>Gyűjtögetési naptár, júniusban gyűjthető növények:</strong></p>
<p>orbáncfű virág, cickafark virág, szöszös ökörfarkkóró virága, kis-és nagylevelű hárs virága, levendula</p>
<p>Szinte egész nyáron folyamatosan: orvosi zsálya hajtás, citromfű, menta (fodor és bors) hajtása</p>
